Suppose 2*r = 6*i - 3*i + w, 0 = 4*i. Calculate the remainder when r is divided by 46.
42
Let q = -6029 + 6030. Calculate the remainder when 488 is divided by q.
0
Suppose -5*f = -0 - 15. Calculate the remainder when 2/4 + (-10)/((-440)/374) is divided by 2/1*f - -1.
2
Let y(p) = 9*p**2 + 10*p + 21. Let i(k) = k**2 + 1. Let g(l) = -4*i(l) + y(l). What is the remainder when g(-3) is divided by 10?
2
Let c = -9 + -6. Let k be 45*(4 - (-55)/c). What is the remainder when 59 is divided by -1*5/k*(0 - 51)?
8
Let x be (-1)/(-2)*(0 - -45 - 7). Suppose x*h = 48 + 85. Calculate the remainder when 46 is divided by h.
4
Let y(v) = 750*v - 557. What is the remainder when y(1) is divided by 36?
13
Let b = -113 - -167. Let m(k) = 15*k + 85. Let i be m(-8). Let d = b + i. What is the remainder when d is divided by 12?
7
Let f be 3/5 + (-105)/(-75). Suppose -r = f*w - 12, -4*r - w = w - 48. What is the remainder when 58 is divided by r?
10
Let o = -7133 + 8436. Calculate the remainder when o is divided by 194.
139
Suppose 7*d + 5863 = 12*d - 4*u, 2*d - 4*u - 2350 = 0. Calculate the remainder when d is divided by 23.
21
Suppose 7*h = 301 - 245. Suppose 0*d - 3*d + 57 = 0. Calculate the remainder when ((-9)/6*53)/((-12)/h) is divided by d.
15
Let s = -31095 - -31272. Suppose 60 = -0*q + 4*q. What is the remainder when s is divided by q?
12
Suppose 0 = -d - 2*m + 120, -2*m + 460 = 4*d + m. Let o = 191 - d. Calculate the remainder when o is divided by 10.
9
Suppose -72 = -5*z + 178. Suppose 0 = -h - 4*h - 5*j + z, 4*j - 25 = -h. Suppose -h*n + 68 = -102. What is the remainder when 128 is divided by n?
26
Let y(x) = 3*x - 23. Let m(t) = -19*t + 138. Let d(c) = 6*m(c) + 39*y(c). Let w = 2390 - 2364. What is the remainder when 67 is divided by d(w)?
4
Let w = 1210 + -799. Let m = 455 - w. Calculate the remainder when m is divided by 26.
18
Let a be (2 - 11)/((-9)/((-3)/(-1))). Suppose 3*f = -2*j + 21, -9 - 22 = -a*j - 4*f. Calculate the remainder when 125 is divided by j.
8
Suppose 0 = -4*s + 95 + 21. Let m(x) = 25*x + 464. Calculate the remainder when m(-14) is divided by s.
27
Let f = 257 - 236. What is the remainder when 144 is divided by f?
18
Suppose 4361 = -20*p + 56501. Calculate the remainder when p is divided by 97.
85
Let f be ((-1)/(-4))/(19/(-20) + 1). Suppose 2*k - 3*c = 3, 0 = -k - f*c + 3*c + 19. Suppose 113 - k = 4*x. Calculate the remainder when x is divided by 7.
5
Calculate the remainder when 1416 is divided by (-240)/56*((-100)/(-60))/(3/(-42)).
16
Let g be 8/(-6) + 12/9. Suppose -4*f - 4*m = -52, -2*f + 5*m - 2 + g = 0. What is the remainder when (-78)/4*(-4 + 24/f) is divided by 15?
11
What is the remainder when 9897 is divided by 75 - 13 - (-21 + 38)?
42
Let a = -106 + 269. Calculate the remainder when a is divided by 69.
25
Suppose -m + 30 = s, -5*m + 13*s + 222 = 90. Calculate the remainder when 74 is divided by m.
16
Suppose 6*m + 2*m = -136. Let w(y) = -4*y - 66. Calculate the remainder when 2/(-12) + 335/30 is divided by w(m).
1
Suppose 0 = 12*i + 58*i - 8260. Calculate the remainder when 588 is divided by i.
116
Suppose -12*f - 33 = -15*f. Suppose 0 = 3*x + m + f, 2*x = 2*m - m - 4. Calculate the remainder when 187 is divided by -7 + 1596/35 + x/5.
35
Suppose 3*d + 9 = 0, -29*n + 2*d + 110 = -28*n. What is the remainder when 2286 is divided by n?
102
Suppose 147*i = 2070 + 282. What is the remainder when 79 is divided by i?
15
Let r = 3092 + -2859. What is the remainder when r is divided by 13?
12
Suppose 48*w + 36*w = -31*w + 25875. Calculate the remainder when 770 is divided by w.
95
Let f = 5 - -102. Calculate the remainder when f is divided by 50.
7
Let n(r) be the second derivative of -13*r**3/6 - 5*r**2 + 21*r. Let d be n(-12). Suppose -5*m + d + 54 = 0. What is the remainder when m is divided by 15?
10
Let y(p) = p**2 + 2*p + 17. Let l be y(0). Suppose -9*w + l*w = 40. Suppose -2*f = -18 - 38. What is the remainder when f is divided by w?
3
Let a(g) = 3*g**3 + 37*g**2 + 30*g - 38. What is the remainder when a(-11) is divided by 5?
1
Suppose 20 = 3*y - 8*y, 4*r + 3*y - 220 = 0. What is the remainder when (-7270)/(-14) + (-20)/70 is divided by r?
55
Suppose -4*l - 20 = 0, 0 = 5*m - 7*l + 2*l - 75. Let p(v) = -4*v - 5. Let s be p(-5). Suppose -s*q = -m*q - 70. Calculate the remainder when q is divided by 8.
6
Suppose -5*t + 6 = -3*t. Suppose t*a - 21 = 27. Calculate the remainder when 27 is divided by 1/4 - (-1)/(a/156).
7
Let w be (-2 - -1 - 2 - -3)*1. Suppose 0 = -3*b + l + 2*l + 156, w = -4*b - 2*l + 238. Calculate the remainder when 226 is divided by b.
55
What is the remainder when 193 is divided by ((-8)/(-26))/(10/1495)?
9
Suppose -1968 = -2*r - v, -v - 3*v - 3984 = -4*r. Calculate the remainder when 2981 is divided by r.
17
Suppose 4*d = -2*m + 644, -57*m + 1834 = -51*m - 2*d. What is the remainder when m is divided by 139?
30
Suppose -5*g - 3523 = -4*d, 4*g - 1561 = 4*d - 5085. Suppose -17*u + d = 4*u. Calculate the remainder when u is divided by 25.
17
Let n(m) = m**2 - 4. Let w be 10/4*(-36)/30. Let f be n(w). Suppose 17 = v - 2*b, -v + f*b = -0*v - 2. What is the remainder when 80 is divided by v?
26
Suppose -z + 8099 = -14*z. Let f = z - 1222. What is the remainder when f/(-54) - (-1)/(-6) is divided by 7?
6
Calculate the remainder when 189 is divided by (9 + -10)*(-56 + -16).
45
Suppose -37 = 3*g - 292. Calculate the remainder when g is divided by ((-42)/(-224))/((-9)/(-2256)).
38
Suppose -186*q + 182*q + 5*c = -1669, 2*c - 2045 = -5*q. Calculate the remainder when q is divided by 83.
79
Suppose -3060 = 14*u - 59*u. Calculate the remainder when u is divided by 55.
13
Suppose -177*z + 122*z = -121385. What is the remainder when z is divided by 130?
127
Let y(g) = 4*g**3 - 8*g**2 + 56*g - 156. Calculate the remainder when 162 is divided by y(3).
18
What is the remainder when (-184872)/(-6) - 7/((-14)/12) is divided by 20?
18
Suppose 0 = 2*r - y - 374 - 1228, -2*r + 5*y = -1578. Calculate the remainder when r is divided by 66.
12
Let m(n) = -n**3 + 9*n**2 + 34*n - 35. Calculate the remainder when m(10) is divided by 53.
46
Let t(m) = -1. Let s(x) = 4*x + 41. Let o(l) = s(l) - 4*t(l). What is the remainder when 209 is divided by o(-6)?
20
Let f = -440 - -438. What is the remainder when 75 is divided by -7 + (-4 + 51 - f)?
33
Let a(s) = s**2 + 4*s - 6. Let r = 322 - 227. Suppose -12 = -2*g - 5*u + r, -5*u = 5. What is the remainder when g is divided by a(-7)?
11
Let j(n) = -n**2 + 675*n + 2044. What is the remainder when 25048 is divided by j(-3)?
8
Let f = -16 + 27. Calculate the remainder when (-630)/28*(-114)/9 is divided by f.
10
Let g(w) = 3*w**2 - 74*w + 49. Let m be g(24). Suppose 16 - m = -3*d, 3*d = -o. Calculate the remainder when 106 is divided by o.
1
Let k(b) = -23*b + 5. Let q be k(4). Suppose 5*z = 72 + 28. What is the remainder when z is divided by ((-1)/(-2))/(4 + q/22)?
9
Calculate the remainder when 1078 is divided by 16*(-24)/192 - (-1 - 28).
25
Suppose -n + 8 = 3*n. Suppose -2*a - 2*s = -104, 4*s + 24 = 8. Calculate the remainder when 16 is divided by ((-70)/a)/(n/8*-1).
1
Let s(i) = -i**2 - 3*i - 2. Let o be s(-1). Suppose o = 3*q - 15, m - 2*q = q - 20. What is the remainder when 129 is divided by 0/m - -30 - 4/1?
25
Let p be 4*-7*(-4 - -10). Let x = p - -195. Calculate the remainder when x is divided by 17.
10
Let d be (8/(-4) - -1)*0. Suppose d = 4*z - 121 + 33. Calculate the remainder when 63 is divided by z.
19
Suppose 3*l = -2*l + 1180. Let y = -71 - -210. Let c = l - y. What is the remainder when c is divided by 20?
17
Let g = 867 - 270. What is the remainder when g is divided by 60?
57
Let x(q) = -3*q + 17. Let f be (-4 - (-3)/3) + -6. Let y be x(f). Let l = y - 41. Calculate the remainder when l is divided by 2.
1
Suppose 0 = 4*w + 96756 - 97644. What is the remainder when 7544 is divided by w?
218
Suppose g + 5*g + 90 = 0. Let s be (2 - g/(-6)) + 245/2. Suppose 4*k = 2*k - 2*u + 56, -2*u + s = 4*k. Calculate the remainder when 97 is divided by k.
31
Suppose 4*d - 11 = 5*x + 21, -4*d + 32 = x. Let s = 48 + -76. What is the remainder when (-18)/2*s/21 + 0 is divided by d?
4
Let w = -302 - -838. Calculate the remainder when w is divided by 249.
38
Let i = 86941 + -86842. Suppose 4*k - 52 = 2